 4255?
5, 23, 37
List the prime factors of 39489.
3, 13163
List the prime factors of 580.
2, 5, 29
What are the prime factors of 11269?
59, 191
What are the prime factors of 26614?
2, 7, 1901
What are the prime factors of 1024?
2
What are the prime factors of 1186?
2, 593
List the prime factors of 881.
881
List the prime factors of 3609.
3, 401
List the prime factors of 448.
2, 7
What are the prime factors of 29255?
5, 5851
List the prime factors of 4606.
2, 7, 47
What are the prime factors of 30979?
13, 2383
What are the prime factors of 179?
179
What are the prime factors of 628?
2, 157
What are the prime factors of 69292?
2, 17, 1019
List the prime factors of 4896.
2, 3, 17
List the prime factors of 21693.
3, 7, 1033
List the prime factors of 6811.
7, 139
List the prime factors of 35917.
7, 733
What are the prime factors of 1637?
1637
What are the prime factors of 85332?
2, 3, 13, 547
What are the prime factors of 14665?
5, 7, 419
What are the prime factors of 44995?
5, 8999
What are the prime factors of 41457?
3, 13, 1063
List the prime factors of 11.
11
What are the prime factors of 2434?
2, 1217
List the prime factors of 8647.
8647
List the prime factors of 184.
2, 23
List the prime factors of 2511.
3, 31
List the prime factors of 1711.
29, 59
List the prime factors of 642.
2, 3, 107
List the prime factors of 7752.
2, 3, 17, 19
List the prime factors of 4253.
4253
What are the prime factors of 14044?
2, 3511
List the prime factors of 109305.
3, 5, 7, 347
What are the prime factors of 131978?
2, 7, 11, 857
What are the prime factors of 2944?
2, 23
List the prime factors of 10353.
3, 7, 17, 29
What are the prime factors of 11278?
2, 5639
List the prime factors of 19224.
2, 3, 89
List the prime factors of 2909.
2909
What are the prime factors of 1315?
5, 263
List the prime factors of 2334.
2, 3, 389
What are the prime factors of 2574?
2, 3, 11, 13
List the prime factors of 68422.
2, 34211
List the prime factors of 2114.
2, 7, 151
What are the prime factors of 203?
7, 29
List the prime factors of 1487.
1487
List the prime factors of 144905.
5, 73, 397
What are the prime factors of 18071?
17, 1063
What are the prime factors of 29841?
3, 7, 29
List the prime factors of 242.
2, 11
What are the prime factors of 17455?
5, 3491
List the prime factors of 11854.
2, 5927
List the prime factors of 1198.
2, 599
List the prime factors of 1142.
2, 571
What are the prime factors of 39?
3, 13
List the prime factors of 26752.
2, 11, 19
List the prime factors of 878.
2, 439
List the prime factors of 10106.
2, 31, 163
List the prime factors of 12255.
3, 5, 19, 43
What are the prime factors of 1187?
1187
What are the prime factors of 87?
3, 29
List the prime factors of 11.
11
What are the prime factors of 488?
2, 61
What are the prime factors of 2933?
7, 419
List the prime factors of 14809.
59, 251
List the prime factors of 3801.
3, 7, 181
What are the prime factors of 12621?
3, 7, 601
List the prime factors of 5258.
2, 11, 239
List the prime factors of 20880.
2, 3, 5, 29
What are the prime factors of 3361?
3361
What are the prime factors of 382?
2, 191
What are the prime factors of 61470?
2, 3, 5, 683
What are the prime factors of 1594?
2, 797
What are the prime factors of 7287?
3, 7, 347
What are the prime factors of 58533?
3, 109, 179
What are the prime factors of 17463?
3, 5821
List the prime factors of 59081.
11, 41, 131
List the prime factors of 39490.
2, 5, 11, 359
List the prime factors of 889.
7, 127
What are the prime factors of 5262?
2, 3, 877
What are the prime factors of 5083?
13, 17, 23
List the prime factors of 66303.
3, 53, 139
What are the prime factors of 4869?
3, 541
What are the prime factors of 8822?
2, 11, 401
What are the prime factors of 9546?
2, 3, 37, 43
List the prime factors of 3432.
2, 3, 11, 13
List the prime factors of 45444.
2, 3, 7, 541
What are the prime factors of 97542?
2, 3, 5419
What are the prime factors of 135?
3, 5
List the prime factors of 3347.
3347
What are the prime factors of 771?
3, 257
List the prime factors of 11768.
2, 1471
What are the prime factors of 203?
7, 29
List the prime factors of 8267.
7, 1181
List the prime factors of 23195.
5, 4639
What are the prime factors of 37885?
5, 7577
List the prime factors of 276.
2, 3, 23
What are the prime factors of 40759?
40759
What are the prime factors of 126336?
2, 3, 7, 47
List the prime factors of 73491.
3, 11, 17, 131
What are the prime factors of 240?
2, 3, 5
What are the prime factors of 4097?
17, 241
List the prime factors of 1171.
1171
What are the prime factors of 849?
3, 283
List the prime factors of 3584.
2, 7
What are the prime factors of 31817?
31817
What are the prime factors of 762?
2, 3, 127
List the prime factors of 4192.
2, 131
List the prime factors of 87278.
2, 17, 151
List the prime factors of 3711.
3, 1237
What are the prime factors of 171?
3, 19
List the prime factors of 76965.
3, 5, 7, 733
List the prime factors of 19343.
23, 29
List the prime factors of 23614.
2, 11807
List the prime factors of 15247.
79, 193
What are the prime factors of 1632?
2, 3, 17
What are the prime factors of 121014?
2, 3, 83
List the prime factors of 26200.
2, 5, 131
What are the prime factors of 33083?
33083
What are the prime factors of 108026?
2, 54013
What are the prime factors of 2867?
47, 61
What are the prime factors of 406?
2, 7, 29
What are the prime factors of 2957?
2957
What are the prime factors of 483?
3, 7, 23
List the prime factors of 449.
449
What are the prime factors of 19003?
31, 613
List the prime factors of 26138.
2, 7, 1867
What are the prime factors of 5040?
2, 3, 5, 7
What are the prime factors of 1107?
3, 41
List the prime factors of 122.
2, 61
What are the prime factors of 48519?
3, 599
List the prime factors of 1034.
2, 11, 47
List the prime factors of 100181.
17, 71, 83
What are the prime factors of 99748?
2, 11, 2267
List the prime factors of 105404.
2, 13, 2027
What are the prime factors of 2686?
2, 17, 79
What are the prime factors of 1964?
2, 491
What are the prime factors of 177?
3, 59
List the prime factors of 2059.
29, 71
What are the prime factors of 6897?
3, 11, 19
What are the prime factors of 11784?
2, 3, 491
List the prime factors of 348.
2, 3, 29
List the prime factors of 9737.
7, 13, 107
List the prime factors of 84784.
2, 7, 757
List the prime factors of 3979.
23, 173
List the prime factors of 1173.
3, 17, 23
List the prime factors of 950.
2, 5, 19
List the prime factors of 392.
2, 7
List the prime factors of 762.
2, 3, 127
What are the prime factors of 742?
2, 7, 53
List the prime factors of 53498.
2, 23, 1163
List the prime factors of 4360.
2, 5, 109
List the prime factors of 1183.
7, 13
List the prime factors of 6007.
6007
What are the prime factors of 597?
3, 199
What are the prime factors of 110516?
2, 7, 3947
List the prime factors of 167467.
17, 9851
List the prime factors of 80026.
2, 40013
List the prime factors of 17917.
19, 23, 41
What are the prime factors of 1754?
2, 877
What are the prime factors of 1486?
2, 743
What are the prime factors of 1080?
2, 3, 5
List the prime factors of 71483.
71483
What are the prime factors of 2157?
3, 719
What are the prime factors of 35093?
19, 1847
List the prime factors of 898.
2, 449
What are the prime factors of 1845?
3, 5, 41
List the prime factors of 121.
11
List the prime factors of 7930.
2, 5, 13, 61
What are the prime factors of 121045?
5, 43, 563
What are the prime factors of 5569?
5569
What are the prime factors of 56102?
2, 28051
What are the prime factors of 961?
31
What are the prime factors of 1720?
2, 5, 43
List the prime factors of 9761.
43, 227
What are the prime factors of 388?
2, 97
List the prime factors of 543.
3, 181
List the prime factors of 7481.
7481
List the prime factors of 6162.
2, 3, 13, 79
What are the prime factors of 9892?
2, 2473
List the prime factors of 5947.
19, 313
List the prime factors of 47447.
17, 2791
List the prime factors of 365.
5, 73
List the prime factors of 523.
523
List the prime factors of 4661.
59, 79
List the prime factors of 944.
2, 59
List the prime factors of 36489.
3, 12163
What are the prime factors of 62204?
2, 15551
What are the prime factors of 85518?
2, 3, 4751
What are the prime factors of 1258?
2, 17, 37
What are 